{"id":32,"date":"2022-01-26T18:24:55","date_gmt":"2022-01-26T17:24:55","guid":{"rendered":"http:\/\/eidelstedter-buergerverein.de\/?page_id=32"},"modified":"2022-03-13T12:57:37","modified_gmt":"2022-03-13T11:57:37","slug":"kolumne","status":"publish","type":"page","link":"https:\/\/eidelstedter-buergerverein.de\/?page_id=32","title":{"rendered":"Stories"},"content":{"rendered":"\n<h2 class=\"wp-block-heading\" id=\"wenn-sie-geschichten-gedichte-anekdoten-merk-und-denkwurdiges-aus-eidelstedt-und-dem-rest-der-stadt-in-worte-gefasst-haben-und-es-hier-lesen-wollen-kontaktieren-sie-mich-uschi-striepestories-eidelstedter-buergerverein-de\">Wenn Sie Geschichten, Gedichte, Anekdoten, Merk- und Denkw\u00fcrdiges aus Eidelstedt und dem Rest der Stadt in Worte gefasst haben und es hier lesen wollen: Kontaktieren Sie mich!<br><br>Uschi Striepe<br>stories@eidelstedter-buergerverein.de<\/h2>\n\n\n\n<hr class=\"wp-block-separator\"\/>\n\n\n<div class=\"pt-cv-wrapper\"><div class=\"pt-cv-view pt-cv-grid pt-cv-colsys\" id=\"pt-cv-view-f53c210d0k\"><div data-id=\"pt-cv-page-1\" class=\"pt-cv-page\" data-cvc=\"1\"><div class=\"col-md-12 col-sm-12 col-xs-12 pt-cv-content-item pt-cv-1-col\" ><div class='pt-cv-ifield'><a href=\"https:\/\/eidelstedter-buergerverein.de\/?p=18567\" class=\"_self pt-cv-href-thumbnail pt-cv-thumb-default\" target=\"_self\" ><img fetchpriority=\"high\" decoding=\"async\" width=\"300\" height=\"300\" src=\"https:\/\/eidelstedter-buergerverein.de\/wp-content\/uploads\/2025\/12\/DSC_4348-Kopie_4-300x300.jpg\" class=\"pt-cv-thumbnail\" alt=\"\" srcset=\"https:\/\/eidelstedter-buergerverein.de\/wp-content\/uploads\/2025\/12\/DSC_4348-Kopie_4-300x300.jpg 300w, https:\/\/eidelstedter-buergerverein.de\/wp-content\/uploads\/2025\/12\/DSC_4348-Kopie_4-150x150.jpg 150w, https:\/\/eidelstedter-buergerverein.de\/wp-content\/uploads\/2025\/12\/DSC_4348-Kopie_4-768x768.jpg 768w, https:\/\/eidelstedter-buergerverein.de\/wp-content\/uploads\/2025\/12\/DSC_4348-Kopie_4.jpg 800w\" sizes=\"(max-width: 300px) 100vw, 300px\" \/><\/a>\n<h4 class=\"pt-cv-title\"><a href=\"https:\/\/eidelstedter-buergerverein.de\/?p=18567\" class=\"_self\" target=\"_self\" >Christliche Weihnachtstradition<\/a><\/h4>\n<div class=\"pt-cv-content\">Zur traditionellen christlichen Weihnachtsfeier des Eidelstedter B\u00fcrgervereins treffen sich Mitglieder j\u00e4hrlich im Gemeindehaus der Elisabethkirche. So auch in diesem Jahr. Bei Einlass str\u00f6mten die G\u00e4ste zu den liebevoll festlich gedeckten Tischen. Nachdem die erste Vorsitzende, Frau Ulla Kleinfeld, alle Anwesenden begr\u00fc\u00dft hatte, wurde zum Aufw\u00e4rmen ein Eierlik\u00f6r im Schokoladenbecher serviert. So manche hatten sich lange nicht gesehen. Neuigkeiten wurden ausgetauscht und neue Bekanntschaften gemacht. Untermalt wurden die Unterhaltungen mit leiser Klaviermusik. Nachdem man sich gest\u00e4rkt hatte, wurden die Jubilare geehrt. Manche waren schon 25 Jahre und l\u00e4nger Mitglieder im Eidelstedter B\u00fcrgerverein. Auch diejenigen, die schon gar nicht mehr im Stadtteil ...<br \/><div class=\"pt-cv-rmwrap\"><a href=\"https:\/\/eidelstedter-buergerverein.de\/?p=18567\" class=\"_self pt-cv-readmore btn btn-success\" target=\"_self\">Weiterlesen \u2026<\/a><\/div><\/div><\/div><\/div>\n<div class=\"col-md-12 col-sm-12 col-xs-12 pt-cv-content-item pt-cv-1-col\" ><div class='pt-cv-ifield'><a href=\"https:\/\/eidelstedter-buergerverein.de\/?p=18477\" class=\"_self pt-cv-href-thumbnail pt-cv-thumb-default\" target=\"_self\" ><img decoding=\"async\" width=\"300\" height=\"300\" src=\"https:\/\/eidelstedter-buergerverein.de\/wp-content\/uploads\/2025\/11\/DSC_3914-Kopie-300x300.jpg\" class=\"pt-cv-thumbnail\" alt=\"\" srcset=\"https:\/\/eidelstedter-buergerverein.de\/wp-content\/uploads\/2025\/11\/DSC_3914-Kopie-300x300.jpg 300w, https:\/\/eidelstedter-buergerverein.de\/wp-content\/uploads\/2025\/11\/DSC_3914-Kopie-150x150.jpg 150w, https:\/\/eidelstedter-buergerverein.de\/wp-content\/uploads\/2025\/11\/DSC_3914-Kopie-768x768.jpg 768w, https:\/\/eidelstedter-buergerverein.de\/wp-content\/uploads\/2025\/11\/DSC_3914-Kopie.jpg 800w\" sizes=\"(max-width: 300px) 100vw, 300px\" \/><\/a>\n<h4 class=\"pt-cv-title\"><a href=\"https:\/\/eidelstedter-buergerverein.de\/?p=18477\" class=\"_self\" target=\"_self\" >Hamburger B\u00fcrgertag im Rathaus<\/a><\/h4>\n<div class=\"pt-cv-content\">Schick gemacht hatten sich die G\u00e4ste f\u00fcr den Hamburger B\u00fcrgertag. Schlie\u00dflich geht man nicht jeden Tag ins Rathaus der Hansestadt, das wirklich beeindruckend ist. Von au\u00dfen ja sowieso, und von innen erst recht. Nach einer kurzen Wartezeit in der Eingangshalle ging es los. Die Leute schritten die angenehm flachen Stufen der weiten Treppe auf einem roten Teppich hinauf zum prachtvollen B\u00fcrgerschaftssaal, dem zentralen Tagungsraum der Hamburgischen B\u00fcrgerschaft. Als jeder einen Sitzplatz gefunden hatte, str\u00f6mten f\u00fcr das Kulturprogramm die S\u00e4ngerinnen und S\u00e4nger mit den \u201eHerren\u201c und den \u201eTont\u00f6chtern\u201c der Hamburger Liedertafel von 1823 von links und rechts an den Seiten des ...<br \/><div class=\"pt-cv-rmwrap\"><a href=\"https:\/\/eidelstedter-buergerverein.de\/?p=18477\" class=\"_self pt-cv-readmore btn btn-success\" target=\"_self\">Weiterlesen \u2026<\/a><\/div><\/div><\/div><\/div>\n<div class=\"col-md-12 col-sm-12 col-xs-12 pt-cv-content-item pt-cv-1-col\" ><div class='pt-cv-ifield'><a href=\"https:\/\/eidelstedter-buergerverein.de\/?p=18470\" class=\"_self pt-cv-href-thumbnail pt-cv-thumb-default\" target=\"_self\" ><img decoding=\"async\" width=\"300\" height=\"300\" src=\"https:\/\/eidelstedter-buergerverein.de\/wp-content\/uploads\/2025\/11\/Beremsschwelle-Kopie-1-300x300.jpg\" class=\"pt-cv-thumbnail\" alt=\"\" srcset=\"https:\/\/eidelstedter-buergerverein.de\/wp-content\/uploads\/2025\/11\/Beremsschwelle-Kopie-1-300x300.jpg 300w, https:\/\/eidelstedter-buergerverein.de\/wp-content\/uploads\/2025\/11\/Beremsschwelle-Kopie-1-150x150.jpg 150w, https:\/\/eidelstedter-buergerverein.de\/wp-content\/uploads\/2025\/11\/Beremsschwelle-Kopie-1.jpg 759w\" sizes=\"(max-width: 300px) 100vw, 300px\" \/><\/a>\n<h4 class=\"pt-cv-title\"><a href=\"https:\/\/eidelstedter-buergerverein.de\/?p=18470\" class=\"_self\" target=\"_self\" >Bremsschwelle<\/a><\/h4>\n<div class=\"pt-cv-content\">Jetzt ist er weg, der Hubbel Nun hatten wir Eidelstedter uns gerade daran gew\u00f6hnt und auch all unsere Besucher gewarnt, man blo\u00df vorsichtig zu fahren, also langsam \u00fcber den Hubbel am Zebrastreifen in der Lohkampstra\u00dfe, denn er war sehr hoch, und nun ist er wieder weg. Viele Tage lang war die Lohkampstra\u00dfe auf einem letzten St\u00fcck hin zum Eidelstedter Platz gesperrt. Grund daf\u00fcr war der R\u00fcckbau des \u201eEidelstedter Hubbels\u201c. 2022 wurde die Bremsschwelle, neudeutsch \u201eSpeadbreaker\u201c, f\u00fcr den Stra\u00dfenverkehr gebaut, denn die neue Veloroute kreuzt in der Lohkampstra\u00dfe den Zebrastreifen. Der Hubbel war ein bisschen zu hoch, in dieser Form nur ...<br \/><div class=\"pt-cv-rmwrap\"><a href=\"https:\/\/eidelstedter-buergerverein.de\/?p=18470\" class=\"_self pt-cv-readmore btn btn-success\" target=\"_self\">Weiterlesen \u2026<\/a><\/div><\/div><\/div><\/div>\n<div class=\"col-md-12 col-sm-12 col-xs-12 pt-cv-content-item pt-cv-1-col\" ><div class='pt-cv-ifield'><a href=\"https:\/\/eidelstedter-buergerverein.de\/?p=18384\" class=\"_self pt-cv-href-thumbnail pt-cv-thumb-default\" target=\"_self\" ><img loading=\"lazy\" decoding=\"async\" width=\"300\" height=\"300\" src=\"https:\/\/eidelstedter-buergerverein.de\/wp-content\/uploads\/2025\/10\/DSC_3486-Kopie-300x300.jpg\" class=\"pt-cv-thumbnail\" alt=\"\" srcset=\"https:\/\/eidelstedter-buergerverein.de\/wp-content\/uploads\/2025\/10\/DSC_3486-Kopie-300x300.jpg 300w, https:\/\/eidelstedter-buergerverein.de\/wp-content\/uploads\/2025\/10\/DSC_3486-Kopie-150x150.jpg 150w, https:\/\/eidelstedter-buergerverein.de\/wp-content\/uploads\/2025\/10\/DSC_3486-Kopie-768x768.jpg 768w, https:\/\/eidelstedter-buergerverein.de\/wp-content\/uploads\/2025\/10\/DSC_3486-Kopie.jpg 800w\" sizes=\"(max-width: 300px) 100vw, 300px\" \/><\/a>\n<h4 class=\"pt-cv-title\"><a href=\"https:\/\/eidelstedter-buergerverein.de\/?p=18384\" class=\"_self\" target=\"_self\" >Das Laternenfest<\/a><\/h4>\n<div class=\"pt-cv-content\">Ein pers\u00f6nlicher EindruckSeit Jahren fotografiere ich ehrenamtlich f\u00fcr den Eidelstedter B\u00fcrgerverein auf diversen Veranstaltungen, um Bildmaterial f\u00fcr die Website und das viertelj\u00e4hrlich erscheinende Mitteilungsheft zu erhalten. Also war ich auch in diesem Jahr wieder beim Laternenfest am Eidelstedter Platz. An Luftballons der Mitwirkenden wie dem Eidelstedter B\u00fcrgerverein (rote Ballons), dem SVE (gelbe und blaue Ballons) und Hornbach (orangene und rosa Ballons) mangelte es nicht. Dank der Erfahrungen der letzten Jahre gab es bei Helium und Bindeb\u00e4ndchen keine Engp\u00e4sse. Und das konnte man auch sehen. Zwischenzeitlich hatte ich den Eindruck, es w\u00e4re eher ein Luftballonfest, das hier gefeiert wurde. Jedoch mit ...<br \/><div class=\"pt-cv-rmwrap\"><a href=\"https:\/\/eidelstedter-buergerverein.de\/?p=18384\" class=\"_self pt-cv-readmore btn btn-success\" target=\"_self\">Weiterlesen \u2026<\/a><\/div><\/div><\/div><\/div>\n<div class=\"col-md-12 col-sm-12 col-xs-12 pt-cv-content-item pt-cv-1-col\" ><div class='pt-cv-ifield'><a href=\"https:\/\/eidelstedter-buergerverein.de\/?p=17805\" class=\"_self pt-cv-href-thumbnail pt-cv-thumb-default\" target=\"_self\" ><img loading=\"lazy\" decoding=\"async\" width=\"300\" height=\"300\" src=\"https:\/\/eidelstedter-buergerverein.de\/wp-content\/uploads\/2025\/04\/DSC_0851-Kopie-300x300.jpg\" class=\"pt-cv-thumbnail\" alt=\"\" srcset=\"https:\/\/eidelstedter-buergerverein.de\/wp-content\/uploads\/2025\/04\/DSC_0851-Kopie-300x300.jpg 300w, https:\/\/eidelstedter-buergerverein.de\/wp-content\/uploads\/2025\/04\/DSC_0851-Kopie-150x150.jpg 150w, https:\/\/eidelstedter-buergerverein.de\/wp-content\/uploads\/2025\/04\/DSC_0851-Kopie-768x768.jpg 768w, https:\/\/eidelstedter-buergerverein.de\/wp-content\/uploads\/2025\/04\/DSC_0851-Kopie.jpg 800w\" sizes=\"(max-width: 300px) 100vw, 300px\" \/><\/a>\n<h4 class=\"pt-cv-title\"><a href=\"https:\/\/eidelstedter-buergerverein.de\/?p=17805\" class=\"_self\" target=\"_self\" >Was piepte denn da?<\/a><\/h4>\n<div class=\"pt-cv-content\">Vogelwelt in der Eidelstedter Feldmark Am Freitag, den 25.4.25, trafen sich um 17.30 Uhr Vogelinteressierte am Waldcaf\u00e9 Corell. Elf Leute kamen zusammen und wollten sich \u00fcber die Vogelwelt in der Feldmark informieren. Diese Exkursion hatte Stefan Wilke vom Eidelstedter B\u00fcrgerverein organisiert und als Sachverst\u00e4ndigen den ehrenamtlichen Hobbyornithologen Sebastian Draak vom Nabu engagiert. Als alle beisammen waren, ging es vom trubeligen Platz vor dem Waldcaf\u00e9 los, raus in die Stille der Feldmark, vorbei an der Pferdewiese. Dort fiel uns gleich eine Schar Stare auf, die mit gl\u00e4nzendem Gefieder zwischen den Beinen der Pferde hin und her stolzierten. \u201eSie sind dieses Jahr ...<br \/><div class=\"pt-cv-rmwrap\"><a href=\"https:\/\/eidelstedter-buergerverein.de\/?p=17805\" class=\"_self pt-cv-readmore btn btn-success\" target=\"_self\">Weiterlesen \u2026<\/a><\/div><\/div><\/div><\/div>\n<div class=\"col-md-12 col-sm-12 col-xs-12 pt-cv-content-item pt-cv-1-col\" ><div class='pt-cv-ifield'><a href=\"https:\/\/eidelstedter-buergerverein.de\/?p=17318\" class=\"_self pt-cv-href-thumbnail pt-cv-thumb-default\" target=\"_self\" ><img loading=\"lazy\" decoding=\"async\" width=\"300\" height=\"300\" src=\"https:\/\/eidelstedter-buergerverein.de\/wp-content\/uploads\/2024\/10\/IMG_5781_800x800_72px-300x300.jpg\" class=\"pt-cv-thumbnail\" alt=\"\" srcset=\"https:\/\/eidelstedter-buergerverein.de\/wp-content\/uploads\/2024\/10\/IMG_5781_800x800_72px-300x300.jpg 300w, https:\/\/eidelstedter-buergerverein.de\/wp-content\/uploads\/2024\/10\/IMG_5781_800x800_72px-150x150.jpg 150w, https:\/\/eidelstedter-buergerverein.de\/wp-content\/uploads\/2024\/10\/IMG_5781_800x800_72px-768x768.jpg 768w, https:\/\/eidelstedter-buergerverein.de\/wp-content\/uploads\/2024\/10\/IMG_5781_800x800_72px.jpg 800w\" sizes=\"(max-width: 300px) 100vw, 300px\" \/><\/a>\n<h4 class=\"pt-cv-title\"><a href=\"https:\/\/eidelstedter-buergerverein.de\/?p=17318\" class=\"_self\" target=\"_self\" >Mit dem Fahrrad auf der Autobahn<\/a><\/h4>\n<div class=\"pt-cv-content\">Text und Fotos: Ursula Striepe Am letzten Tag eines langen Wochenendes im Oktober bietet sich das Wetter an, eine kleine Fahrradtour durch Eidelstedt zu machen. Wir radeln durch Wohngebiete und schauen uns die sch\u00f6nen herbstlichen G\u00e4rten an. Dann nehmen wir Kurs auf den \u201eDeckel\u201c. Den Olloweg entlang am Poseidonbad vorbei, fahren wir zum neuen Autobahndeckel. Ich bin zum ersten Mal dort. Es ist zwar k\u00fchl, doch die Sonne scheint. Viele Spazierg\u00e4nger sind unterwegs, Radfahrer, Familien mit Kindern, Hundehalter. Wir halten an und schauen durch die Schallschutzwand auf die Autobahn. Wie zu erwarten sehen wir einen Stau in Richtung Elbtunnel. In ...<br \/><div class=\"pt-cv-rmwrap\"><a href=\"https:\/\/eidelstedter-buergerverein.de\/?p=17318\" class=\"_self pt-cv-readmore btn btn-success\" target=\"_self\">Weiterlesen \u2026<\/a><\/div><\/div><\/div><\/div>\n<div class=\"col-md-12 col-sm-12 col-xs-12 pt-cv-content-item pt-cv-1-col\" ><div class='pt-cv-ifield'><a href=\"https:\/\/eidelstedter-buergerverein.de\/?p=17208\" class=\"_self pt-cv-href-thumbnail pt-cv-thumb-default\" target=\"_self\" ><img loading=\"lazy\" decoding=\"async\" width=\"300\" height=\"300\" src=\"https:\/\/eidelstedter-buergerverein.de\/wp-content\/uploads\/2024\/09\/IMGP9597-Kopie-300x300.jpg\" class=\"pt-cv-thumbnail\" alt=\"\" srcset=\"https:\/\/eidelstedter-buergerverein.de\/wp-content\/uploads\/2024\/09\/IMGP9597-Kopie-300x300.jpg 300w, https:\/\/eidelstedter-buergerverein.de\/wp-content\/uploads\/2024\/09\/IMGP9597-Kopie-150x150.jpg 150w, https:\/\/eidelstedter-buergerverein.de\/wp-content\/uploads\/2024\/09\/IMGP9597-Kopie-768x768.jpg 768w, https:\/\/eidelstedter-buergerverein.de\/wp-content\/uploads\/2024\/09\/IMGP9597-Kopie.jpg 800w\" sizes=\"(max-width: 300px) 100vw, 300px\" \/><\/a>\n<h4 class=\"pt-cv-title\"><a href=\"https:\/\/eidelstedter-buergerverein.de\/?p=17208\" class=\"_self\" target=\"_self\" >Mit dem B\u00fcrgerverein im Wittmoor<\/a><\/h4>\n<div class=\"pt-cv-content\">Freitag, der 13. September ist ein echter Gl\u00fcckstag! Es sieht nach wundersch\u00f6nem Herbstwetter aus. Die Sonne scheint, einige wenige Wolken ziehen am Himmel entlang. Es ist nicht zu kalt und nicht zu warm, ideal f\u00fcr eine kleine Wanderung. Wir treffen uns im Bilenbarg am Eingang des Naturschutzgebiets Wittmoor. Die Exkursion mit der Biologin Katharina Henne f\u00fchrt durch eins der letzten Hochmoore im Norden Hamburgs. Unsere kleine Gruppe von insgesamt sechs Personen folgt der fachkundigen Leiterin flotten Schrittes auf unbefestigten Wegen. Sie sind sandig und an einigen Stellen auch matschig, aber wir alle tragen geeignetes Schuhwerk. Teilweise ist der Boden weich ...<br \/><div class=\"pt-cv-rmwrap\"><a href=\"https:\/\/eidelstedter-buergerverein.de\/?p=17208\" class=\"_self pt-cv-readmore btn btn-success\" target=\"_self\">Weiterlesen \u2026<\/a><\/div><\/div><\/div><\/div>\n<div class=\"col-md-12 col-sm-12 col-xs-12 pt-cv-content-item pt-cv-1-col\" ><div class='pt-cv-ifield'><a href=\"https:\/\/eidelstedter-buergerverein.de\/?p=17084\" class=\"_self pt-cv-href-thumbnail pt-cv-thumb-default\" target=\"_self\" ><img loading=\"lazy\" decoding=\"async\" width=\"300\" height=\"300\" src=\"https:\/\/eidelstedter-buergerverein.de\/wp-content\/uploads\/2024\/07\/Ein_Gluecksklee-300x300.jpg\" class=\"pt-cv-thumbnail\" alt=\"\" srcset=\"https:\/\/eidelstedter-buergerverein.de\/wp-content\/uploads\/2024\/07\/Ein_Gluecksklee-300x300.jpg 300w, https:\/\/eidelstedter-buergerverein.de\/wp-content\/uploads\/2024\/07\/Ein_Gluecksklee-150x150.jpg 150w, https:\/\/eidelstedter-buergerverein.de\/wp-content\/uploads\/2024\/07\/Ein_Gluecksklee-768x768.jpg 768w, https:\/\/eidelstedter-buergerverein.de\/wp-content\/uploads\/2024\/07\/Ein_Gluecksklee.jpg 800w\" sizes=\"(max-width: 300px) 100vw, 300px\" \/><\/a>\n<h4 class=\"pt-cv-title\"><a href=\"https:\/\/eidelstedter-buergerverein.de\/?p=17084\" class=\"_self\" target=\"_self\" >Gl\u00fcck!<\/a><\/h4>\n<div class=\"pt-cv-content\">Eine Geschichte von Hans-Uwe Seib Gl\u00fcck kommt ja bekanntlich von gl\u00fccklich \u2013 nee, halt, umgekehrt! Gl\u00fccklich kommt von Gl\u00fcck! Tj\u00e4, denn wei\u00df ich nu\u00b4, dass \u2013 nee, warum ich gl\u00fccklich bin! N\u00e4mlich weil ich viel Gl\u00fcck in meinem ganzen Leben hatte, was hoffentlich so bleibt! - Ach ja, das wei\u00df ich ja, dass das so bleibt. - \u201eWieso\u201c fragt Ihr? Tj\u00e4, das begann mit meiner Geburt am 19.3.1939: Zu einem meiner ersten Geburtstage, an die ich mich selbst erinnern kann, erkl\u00e4rte meine geliebte Oma mir, dass ich ja am 19.3.1939 zur Welt gekommen w\u00e4re. Und dieser Tag fiel auf einen ...<br \/><div class=\"pt-cv-rmwrap\"><a href=\"https:\/\/eidelstedter-buergerverein.de\/?p=17084\" class=\"_self pt-cv-readmore btn btn-success\" target=\"_self\">Weiterlesen \u2026<\/a><\/div><\/div><\/div><\/div>\n<div class=\"col-md-12 col-sm-12 col-xs-12 pt-cv-content-item pt-cv-1-col\" ><div class='pt-cv-ifield'><a href=\"https:\/\/eidelstedter-buergerverein.de\/?p=17034\" class=\"_self pt-cv-href-thumbnail pt-cv-thumb-default\" target=\"_self\" ><img loading=\"lazy\" decoding=\"async\" width=\"300\" height=\"300\" src=\"https:\/\/eidelstedter-buergerverein.de\/wp-content\/uploads\/2024\/06\/IMGP8696_Wattfahrt-Kopie-300x300.jpg\" class=\"pt-cv-thumbnail\" alt=\"\" srcset=\"https:\/\/eidelstedter-buergerverein.de\/wp-content\/uploads\/2024\/06\/IMGP8696_Wattfahrt-Kopie-300x300.jpg 300w, https:\/\/eidelstedter-buergerverein.de\/wp-content\/uploads\/2024\/06\/IMGP8696_Wattfahrt-Kopie-150x150.jpg 150w, https:\/\/eidelstedter-buergerverein.de\/wp-content\/uploads\/2024\/06\/IMGP8696_Wattfahrt-Kopie-768x768.jpg 768w, https:\/\/eidelstedter-buergerverein.de\/wp-content\/uploads\/2024\/06\/IMGP8696_Wattfahrt-Kopie.jpg 800w\" sizes=\"(max-width: 300px) 100vw, 300px\" \/><\/a>\n<h4 class=\"pt-cv-title\"><a href=\"https:\/\/eidelstedter-buergerverein.de\/?p=17034\" class=\"_self\" target=\"_self\" >Mit 2 PS und Biene in Schlangenlinien durchs Watt<\/a><\/h4>\n<div class=\"pt-cv-content\">Pfingstferien in Hamburg. \u201eFahrt ihr in Urlaub?\u201c, werde ich h\u00e4ufig gefragt und immer wieder antworte ich mit ja. \u201eWohin?\u201c, will man wissen. Ich sage: \u201eWir bleiben in Hamburg.\u201c Das irritiert nat\u00fcrlich. In den Urlaub fahren und gleichzeitig in Hamburg bleiben geht ja eigentlich gar nicht. Eigentlich, denn wir fahren nach Neuwerk, das ist ein kleiner Klacks Land im Wattenmeer vor Cuxhaven und der geh\u00f6rt zu Hamburg! Genauer gesagt zum Bezirk Hamburg Mitte. Neuwerk ist das Zentrum des 1990 gegr\u00fcndeten Nationalparks Hamburgisches Wattenmeer (NPHW), zu dem, neben dem Wattgebiet, auch die beiden von Menschen unbewohnten Nachbarinseln Scharh\u00f6rn und Nigeh\u00f6rn im Vogelschutzgebiet ...<br \/><div class=\"pt-cv-rmwrap\"><a href=\"https:\/\/eidelstedter-buergerverein.de\/?p=17034\" class=\"_self pt-cv-readmore btn btn-success\" target=\"_self\">Weiterlesen \u2026<\/a><\/div><\/div><\/div><\/div>\n<div class=\"col-md-12 col-sm-12 col-xs-12 pt-cv-content-item pt-cv-1-col\" ><div class='pt-cv-ifield'><a href=\"https:\/\/eidelstedter-buergerverein.de\/?p=16757\" class=\"_self pt-cv-href-thumbnail pt-cv-thumb-default\" target=\"_self\" ><\/a>\n<h4 class=\"pt-cv-title\"><a href=\"https:\/\/eidelstedter-buergerverein.de\/?p=16757\" class=\"_self\" target=\"_self\" >Fr\u00f6hliche Weihnachten<\/a><\/h4>\n<div class=\"pt-cv-content\">Der 3. Advent war ein sch\u00f6ner, heller Tag und lud zum Spazieren gehen ein. Gut gelaunt trafen sich die ehrenamtlichen Helfer und Helferinnen vor dem Gemeindehaus der Elisabethkirche, um alles sch\u00f6n her zu richten f\u00fcr die diesj\u00e4hrige Weihnachtsfeier des B\u00fcrgervereins. \u00dcber vierzig Vereinsmitglieder hatten sich angemeldet, um bei Kaffee und Kuchen nett beisammen zu sein. Ruck zuck wurden die \u00fcbersch\u00fcssige Bestuhlung beiseitegeschafft, Tische aufgebaut und zurechtger\u00fcckt, Tischdecken zugeschnitten, rote Mitteldeckchen daraufgelegt und Tannengr\u00fcn verteilt. Dieses Jahr sollten kleine Weihnachtssterne die Kaffeetische schm\u00fccken. Die T\u00f6pfchen mussten nur noch mit Servietten verkleidet werden, was einiges an Fingerfertigkeit ben\u00f6tigte. Die Tische wurden gedeckt ...<br \/><div class=\"pt-cv-rmwrap\"><a href=\"https:\/\/eidelstedter-buergerverein.de\/?p=16757\" class=\"_self pt-cv-readmore btn btn-success\" target=\"_self\">Weiterlesen \u2026<\/a><\/div><\/div><\/div><\/div><\/div><\/div><\/div>\n\n\n\n<p><\/p>\n","protected":false},"excerpt":{"rendered":"<p>Wenn Sie Geschichten, Gedichte, Anekdoten, Merk- und Denkw\u00fcrdiges aus Eidelstedt und dem Rest der Stadt in Worte gefasst haben und es hier lesen wollen: Kontaktieren Sie mich! Uschi Striepestories@eidelstedter-buergerverein.de<\/p>\n","protected":false},"author":1,"featured_media":0,"parent":0,"menu_order":0,"comment_status":"closed","ping_status":"closed","template":"","meta":{"footnotes":""},"class_list":["post-32","page","type-page","status-publish","hentry"],"_links":{"self":[{"href":"https:\/\/eidelstedter-buergerverein.de\/index.php?rest_route=\/wp\/v2\/pages\/32","targetHints":{"allow":["GET"]}}],"collection":[{"href":"https:\/\/eidelstedter-buergerverein.de\/index.php?rest_route=\/wp\/v2\/pages"}],"about":[{"href":"https:\/\/eidelstedter-buergerverein.de\/index.php?rest_route=\/wp\/v2\/types\/page"}],"author":[{"embeddable":true,"href":"https:\/\/eidelstedter-buergerverein.de\/index.php?rest_route=\/wp\/v2\/users\/1"}],"replies":[{"embeddable":true,"href":"https:\/\/eidelstedter-buergerverein.de\/index.php?rest_route=%2Fwp%2Fv2%2Fcomments&post=32"}],"version-history":[{"count":10,"href":"https:\/\/eidelstedter-buergerverein.de\/index.php?rest_route=\/wp\/v2\/pages\/32\/revisions"}],"predecessor-version":[{"id":8434,"href":"https:\/\/eidelstedter-buergerverein.de\/index.php?rest_route=\/wp\/v2\/pages\/32\/revisions\/8434"}],"wp:attachment":[{"href":"https:\/\/eidelstedter-buergerverein.de\/index.php?rest_route=%2Fwp%2Fv2%2Fmedia&parent=32"}],"curies":[{"name":"wp","href":"https:\/\/api.w.org\/{rel}","templated":true}]}}